{"id":201,"date":"2011-10-20T23:03:02","date_gmt":"2011-10-20T23:03:02","guid":{"rendered":"http:\/\/fettokonomi.no\/?page_id=201"},"modified":"2014-11-03T10:08:06","modified_gmt":"2014-11-03T10:08:06","slug":"kjernetjenester-periodiske-oppgaver","status":"publish","type":"page","link":"https:\/\/fettokonomi.no\/?page_id=201","title":{"rendered":"Kjernetjenester &#8211; periodiske"},"content":{"rendered":"<ul>\n<li>Forberedelse til revisjon, assistanse til revisor<\/li>\n<li>Utarbeidelse av \u00e5rsoppgj\u00f8r og ligningspapirer<\/li>\n<li>Innsendelser Altinn (aksjon\u00e6roppgaver, ligningspapirer, \u00e5rsregnskap)<\/li>\n<li>Annet &#8211; etter kundens individuelle behov<\/li>\n<\/ul>\n","protected":false},"excerpt":{"rendered":"<p>Forberedelse til revisjon, assistanse til revisor Utarbeidelse av \u00e5rsoppgj\u00f8r og ligningspapirer Innsendelser Altinn (aksjon\u00e6roppgaver, ligningspapirer, \u00e5rsregnskap) Annet &#8211; etter kundens individuelle behov<\/p>\n","protected":false},"author":6,"featured_media":0,"parent":0,"menu_order":0,"comment_status":"open","ping_status":"open","template":"","meta":[],"_links":{"self":[{"href":"https:\/\/fettokonomi.no\/index.php?rest_route=\/wp\/v2\/pages\/201"}],"collection":[{"href":"https:\/\/fettokonomi.no\/index.php?rest_route=\/wp\/v2\/pages"}],"about":[{"href":"https:\/\/fettokonomi.no\/index.php?rest_route=\/wp\/v2\/types\/page"}],"author":[{"embeddable":true,"href":"https:\/\/fettokonomi.no\/index.php?rest_route=\/wp\/v2\/users\/6"}],"replies":[{"embeddable":true,"href":"https:\/\/fettokonomi.no\/index.php?rest_route=%2Fwp%2Fv2%2Fcomments&post=201"}],"version-history":[{"count":9,"href":"https:\/\/fettokonomi.no\/index.php?rest_route=\/wp\/v2\/pages\/201\/revisions"}],"predecessor-version":[{"id":446,"href":"https:\/\/fettokonomi.no\/index.php?rest_route=\/wp\/v2\/pages\/201\/revisions\/446"}],"wp:attachment":[{"href":"https:\/\/fettokonomi.no\/index.php?rest_route=%2Fwp%2Fv2%2Fmedia&parent=201"}],"curies":[{"name":"wp","href":"https:\/\/api.w.org\/{rel}","templated":true}]}}