{"id":18,"date":"2011-09-19T01:26:38","date_gmt":"2011-09-19T01:26:38","guid":{"rendered":"http:\/\/fettokonomi.no\/?page_id=18"},"modified":"2011-11-24T08:30:20","modified_gmt":"2011-11-24T08:30:20","slug":"kontakt","status":"publish","type":"page","link":"https:\/\/fettokonomi.no\/?page_id=18","title":{"rendered":"Kontakt oss"},"content":{"rendered":"<p>Ta gjerne kontakt for en uforpliktende prat om tall, regnskap og l\u00f8nnsomhet<\/p>\n<p><strong>Bes\u00f8ksadresse<\/strong><br \/>\nLitle\u00e5svegen 41, 5132 Nyborg<\/p>\n","protected":false},"excerpt":{"rendered":"<p>Ta gjerne kontakt for en uforpliktende prat om tall, regnskap og l\u00f8nnsomhet Bes\u00f8ksadresse Litle\u00e5svegen 41, 5132 Nyborg<\/p>\n","protected":false},"author":6,"featured_media":0,"parent":0,"menu_order":0,"comment_status":"open","ping_status":"open","template":"contact.php","meta":[],"_links":{"self":[{"href":"https:\/\/fettokonomi.no\/index.php?rest_route=\/wp\/v2\/pages\/18"}],"collection":[{"href":"https:\/\/fettokonomi.no\/index.php?rest_route=\/wp\/v2\/pages"}],"about":[{"href":"https:\/\/fettokonomi.no\/index.php?rest_route=\/wp\/v2\/types\/page"}],"author":[{"embeddable":true,"href":"https:\/\/fettokonomi.no\/index.php?rest_route=\/wp\/v2\/users\/6"}],"replies":[{"embeddable":true,"href":"https:\/\/fettokonomi.no\/index.php?rest_route=%2Fwp%2Fv2%2Fcomments&post=18"}],"version-history":[{"count":20,"href":"https:\/\/fettokonomi.no\/index.php?rest_route=\/wp\/v2\/pages\/18\/revisions"}],"predecessor-version":[{"id":427,"href":"https:\/\/fettokonomi.no\/index.php?rest_route=\/wp\/v2\/pages\/18\/revisions\/427"}],"wp:attachment":[{"href":"https:\/\/fettokonomi.no\/index.php?rest_route=%2Fwp%2Fv2%2Fmedia&parent=18"}],"curies":[{"name":"wp","href":"https:\/\/api.w.org\/{rel}","templated":true}]}}