{"id":174,"date":"2011-10-20T21:54:15","date_gmt":"2011-10-20T21:54:15","guid":{"rendered":"http:\/\/fettokonomi.no\/?page_id=174"},"modified":"2011-11-08T13:52:24","modified_gmt":"2011-11-08T13:52:24","slug":"kommunikasjon","status":"publish","type":"page","link":"https:\/\/fettokonomi.no\/?page_id=174","title":{"rendered":"Kommunikasjon"},"content":{"rendered":"<p>Som revisor, kontroll\u00f8r og produsent av regnskaper har jeg v\u00e6rt vitne til mange regnskaper som roper etter oppf\u00f8lgende handling, men som enten ikke \u201dh\u00f8res\u201d eller ikke forst\u00e5s av den som burde bruke det. Fett \u00d8konomi sin leveranse stopper derfor ikke ved utsendelse av regnskapstall i et standardisert format.<\/p>\n<p>Resultat- og balanseoppstillingene <strong>tilpasses<\/strong> for det f\u00f8rste individuelle behov hos kundene. Systemets standardrapport er sjelden i bruk.<\/p>\n<p>Talloppstillingen f\u00f8lges dessuten alltid av en <strong>individuelt tilpasset verbal rapport<\/strong>, der de viktigste \u00f8konomiske faktorene blir trukket frem og belyst s\u00e6rskilt. \u00a0Her tar vi ogs\u00e5 opp de forhold som vi mener er viktige \u00e5 f\u00f8lge opp.<\/p>\n<p>Vi anbefaler v\u00e5re kunder \u00e5 gjennomf\u00f8re minimum 1-2\u00a0<strong>kundem\u00f8ter<\/strong> i \u00e5ret for gjennomgang av regnskapet. Hvorvidt kunden benytter seg av dette er naturligvis frivillig, men dette er en sterk oppfordring til kunden om \u00e5 sette av tid til\u00a0aktivt\u00a0\u00e5 f\u00f8lge opp hva tallene i regnskapet kan fortelle.<\/p>\n","protected":false},"excerpt":{"rendered":"<p>Som revisor, kontroll\u00f8r og produsent av regnskaper har jeg v\u00e6rt vitne til mange regnskaper som roper etter oppf\u00f8lgende handling, men som enten ikke \u201dh\u00f8res\u201d eller ikke forst\u00e5s av den som burde bruke det. Fett \u00d8konomi sin leveranse stopper derfor ikke ved utsendelse av regnskapstall i et standardisert format. Resultat- og balanseoppstillingene tilpasses for det f\u00f8rste individuelle behov hos kundene. Systemets standardrapport er sjelden i bruk. Talloppstillingen f\u00f8lges dessuten alltid av en individuelt tilpasset verbal rapport, der de viktigste \u00f8konomiske faktorene blir trukket frem og belyst [&#038;hellip<\/p>\n","protected":false},"author":6,"featured_media":0,"parent":0,"menu_order":0,"comment_status":"open","ping_status":"open","template":"","meta":[],"_links":{"self":[{"href":"https:\/\/fettokonomi.no\/index.php?rest_route=\/wp\/v2\/pages\/174"}],"collection":[{"href":"https:\/\/fettokonomi.no\/index.php?rest_route=\/wp\/v2\/pages"}],"about":[{"href":"https:\/\/fettokonomi.no\/index.php?rest_route=\/wp\/v2\/types\/page"}],"author":[{"embeddable":true,"href":"https:\/\/fettokonomi.no\/index.php?rest_route=\/wp\/v2\/users\/6"}],"replies":[{"embeddable":true,"href":"https:\/\/fettokonomi.no\/index.php?rest_route=%2Fwp%2Fv2%2Fcomments&post=174"}],"version-history":[{"count":8,"href":"https:\/\/fettokonomi.no\/index.php?rest_route=\/wp\/v2\/pages\/174\/revisions"}],"predecessor-version":[{"id":378,"href":"https:\/\/fettokonomi.no\/index.php?rest_route=\/wp\/v2\/pages\/174\/revisions\/378"}],"wp:attachment":[{"href":"https:\/\/fettokonomi.no\/index.php?rest_route=%2Fwp%2Fv2%2Fmedia&parent=174"}],"curies":[{"name":"wp","href":"https:\/\/api.w.org\/{rel}","templated":true}]}}