{"id":171,"date":"2011-10-20T21:53:18","date_gmt":"2011-10-20T21:53:18","guid":{"rendered":"http:\/\/fettokonomi.no\/?page_id=171"},"modified":"2011-11-08T13:49:49","modified_gmt":"2011-11-08T13:49:49","slug":"kvalitet","status":"publish","type":"page","link":"https:\/\/fettokonomi.no\/?page_id=171","title":{"rendered":"Kvalitet"},"content":{"rendered":"<p>Bakgrunnen for at kvalitet er s\u00e5 viktig for Fett \u00d8konomi er at jeg, som selskapets daglige leder, har sett mye d\u00e5rlig kvalitet og konsekvensene dette kan f\u00e5.\u00a0Jeg har arbeidet mye med kontroll av regnskaper, b\u00e5de som revisor og som kvalitets- og oppl\u00e6ringsansvarlig. Jeg har funnet to hoved\u00e5rsaker til d\u00e5rlig kvalitet.<\/p>\n<p><strong>1) Manglende faglig kompetanse\u00a0<\/strong><\/p>\n<p>God faglig tyngde og bred erfaring er et godt grunnlag for \u00e5 f\u00e5 god faglig kvalitet p\u00e5 regnskapet. Det forhindrer dessverre ikke at det noen ganger kan oppst\u00e5 feil.<\/p>\n<p><strong>2) Manglende forst\u00e5else av\u00a0hva regnskapet skal brukes til<\/strong>.<\/p>\n<p>En nesten like viktig \u00e5rsak til d\u00e5rlig kvalitet er en manglende forst\u00e5else for nytteverdien av regnskapet.\u00a0Dersom regnskapsf\u00f8rer ikke selv forst\u00e5r at regnskapet faktisk skal kunne brukes til \u00e5 styre virksomheten, vil sjelden brukeren av regnskapet forst\u00e5 det. Da ender det dessverre med at regnskapet forblir en oppstilling av tall og ikke et styringsverkt\u00f8y som kan og skal\u00a0brukes.<\/p>\n<p><strong>V\u00c5R TILN\u00c6RMING<\/strong><\/p>\n<p>til \u00e5 sikre oss kvalitet i regnskapet best\u00e5r i \u00a0\u00e5 utvikle gode teknikker for effektivt \u00e5 avdekke feil i regnskapet, samt \u00e5 utarbeide rutiner for \u2013 i st\u00f8rst mulig grad &#8211; \u00e5 unng\u00e5 feil. Videre fokuserer vi p\u00e5 \u00e5 formidle p\u00e5 forst\u00e5elig m\u00e5te til kunden hva regnskapet forteller oss, og hvordan vi kan styre ved hjelp av dette.<\/p>\n","protected":false},"excerpt":{"rendered":"<p>Bakgrunnen for at kvalitet er s\u00e5 viktig for Fett \u00d8konomi er at jeg, som selskapets daglige leder, har sett mye d\u00e5rlig kvalitet og konsekvensene dette kan f\u00e5.\u00a0Jeg har arbeidet mye med kontroll av regnskaper, b\u00e5de som revisor og som kvalitets- og oppl\u00e6ringsansvarlig. Jeg har funnet to hoved\u00e5rsaker til d\u00e5rlig kvalitet. 1) Manglende faglig kompetanse\u00a0 God faglig tyngde og bred erfaring er et godt grunnlag for \u00e5 f\u00e5 god faglig kvalitet p\u00e5 regnskapet. Det forhindrer dessverre ikke at det noen ganger kan oppst\u00e5 feil. 2) Manglende [&#038;hellip<\/p>\n","protected":false},"author":6,"featured_media":0,"parent":0,"menu_order":0,"comment_status":"open","ping_status":"open","template":"","meta":[],"_links":{"self":[{"href":"https:\/\/fettokonomi.no\/index.php?rest_route=\/wp\/v2\/pages\/171"}],"collection":[{"href":"https:\/\/fettokonomi.no\/index.php?rest_route=\/wp\/v2\/pages"}],"about":[{"href":"https:\/\/fettokonomi.no\/index.php?rest_route=\/wp\/v2\/types\/page"}],"author":[{"embeddable":true,"href":"https:\/\/fettokonomi.no\/index.php?rest_route=\/wp\/v2\/users\/6"}],"replies":[{"embeddable":true,"href":"https:\/\/fettokonomi.no\/index.php?rest_route=%2Fwp%2Fv2%2Fcomments&post=171"}],"version-history":[{"count":13,"href":"https:\/\/fettokonomi.no\/index.php?rest_route=\/wp\/v2\/pages\/171\/revisions"}],"predecessor-version":[{"id":184,"href":"https:\/\/fettokonomi.no\/index.php?rest_route=\/wp\/v2\/pages\/171\/revisions\/184"}],"wp:attachment":[{"href":"https:\/\/fettokonomi.no\/index.php?rest_route=%2Fwp%2Fv2%2Fmedia&parent=171"}],"curies":[{"name":"wp","href":"https:\/\/api.w.org\/{rel}","templated":true}]}}